se -2*c - c - 6 = b. What is the units digit of 1/(c/30*-3)?
5
Suppose 176 = 3*d - 2*g - 2*g, -4 = 2*g. What is the tens digit of d?
5
What is the tens digit of ((-22)/5)/(4/(-10))?
1
Let b = 25 - -30. What is the units digit of b?
5
Let z be 2/(-1) - (-2 - -2). Let j(x) = -6*x**3 - 2*x**2 - 2*x. Let r be j(z). Suppose 33 = 3*p - i, 0 = 4*p - 2*i + i - r. What is the tens digit of p?
1
Suppose 4*q = -5*a - 274 - 49, -3*q = -a - 76. Let v = -42 - a. Suppose -7*u + 2*u + v = 0. What is the units digit of u?
5
Suppose 2*n = 3*n - 39. Let q = n - 63. What is the units digit of 2/(-4)*q/3?
4
Suppose 3*f + 0*f = 18. What is the units digit of f?
6
Let i be (-1)/(-2)*(0 + 58). Suppose -5*g + 0 = 3*o - 11, -5*g + 3*o = -i. Suppose s = g*j - 13, 3*j + j = 5*s + 17. What is the units digit of j?
3
Let f be ((-6)/8)/((-2)/8). What is the tens digit of (-28)/((1 - f)*1)?
1
Let p(k) = k + 1. Let m be p(5). Suppose 2*t - m = 4*l, l + 2 = t - 2*l. Suppose 1 - t = -q - 4*u, -2*u = 2. What is the units digit of q?
8
Let i = -70 - -99. What is the units digit of i?
9
Suppose -w - 18 = -5*h, -3*w + 6 = -0*w. What is the units digit of h?
4
Let c = -6 - -12. Let b = c + -12. Let n = 16 + b. What is the units digit of n?
0
Suppose 37 + 26 = 3*p. Suppose -29 = -5*f + p. What is the tens digit of f?
1
Suppose -41 = -2*p + z, 2*p - 39 = -3*z + 14. What is the units digit of p?
2
Let g = -219 + 398. What is the hundreds digit of g?
1
What is the units digit of 322/28 + 1/(-2)?
1
Let o(p) = p**2 + 3*p + 5. Let b be o(-6). Suppose -b = -3*g + 97. What is the units digit of g?
0
Let q(f) = f**2 - f. Let b(h) = h**3 + 2*h**2 - 3*h - 2. Let j be b(-3). What is the units digit of q(j)?
6
Let b = -2 - -3. Let f(t) be the second derivative of 11*t**5/20 - t**3/6 + 33*t. What is the tens digit of f(b)?
1
Let y be (6 - 0) + -3 + -3. Suppose -3*r + y = 3. What is the units digit of (-2)/(-3)*(28 + r)?
8
Let r(p) be the second derivative of -p**5/60 + 7*p**4/24 - p**2 - p. Let h(j) be the first derivative of r(j). What is the units digit of h(6)?
6
Let i(s) = 67*s**2 + 2*s + 2. What is the units digit of i(-1)?
7
Let z(w) = w**3 - 2*w**2 - 4*w + 2. Let r be z(3). Let y = 3 - r. Suppose -y*l + 21 = 1. What is the units digit of l?
5
Suppose -7 = -4*a + 9, d - 5*a + 15 = 0. Suppose d*k + 4 + 1 = 0. Let x(q) = -6*q. What is the units digit of x(k)?
6
Suppose 4*t + 5*q = 4, t + q - 10 = 2*q. Let g(y) = y - 10. Let d be g(8). Let p = d + t. What is the units digit of p?
4
Suppose -5*f = -15, 4*f - 247 = -3*j - 40. What is the tens digit of j?
6
What is the tens digit of (0 + -84)*(-2)/3?
5
Suppose 2*b = -2*b + 20. Let u be (-30)/b*3/2. Let a(t) = -t**3 - 10*t**2 - 11*t - 10. What is the units digit of a(u)?
8
Let f(v) = -3*v - 5. What is the units digit of f(-4)?
7
Suppose j + 4*v + 14 = 0, -j - 5*v - 21 + 3 = 0. What is the units digit of (24/(-36))/(j/(-84))?
8
Let t = -174 - -265. What is the units digit of t?
1
Let m(c) be the second derivative of c**3/6 + 9*c**2/2 + 5*c. What is the units digit of m(5)?
4
Suppose 0 = 2*w - 58 - 98. What is the tens digit of w?
7
Let u = -21 - -23. Suppose 33 + 31 = u*b. What is the tens digit of b?
3
Suppose -k - 3*n + 9 = 0, 3 = -2*k + 5*k - 3*n. Let s(b) = -b - k*b + 0*b. What is the units digit of s(-1)?
4
Let p(z) = z**3 + 10*z**2 - 14*z - 15. Suppose 4*m = -5*h - 55, -5*h + 2*m + 2*m = 55. What is the tens digit of p(h)?
1
Let g(l) = 1. Let z(b) = 5*b - 9. Let s(u) = 6*g(u) + z(u). Let w(p) = p - 4. Let n be w(6). What is the units digit of s(n)?
7
Let l(a) = -13 + 2*a - 5*a + a**2 + 8*a**2 + a**3. Suppose -3*v = -x - 9, x = 3*v - 5*v - 9. What is the tens digit of l(x)?
1
Suppose w + 40 = -3*g, -2*g = 5*w + 109 + 52. Let k(b) = -2*b**2 + 7*b + 8. Let d be k(6). Let x = d - w. What is the units digit of x?
9
Let d(m) = 0*m**2 + 11 + 4*m**2 - 2*m**2 + 9*m. What is the tens digit of d(-5)?
1
Suppose -5*m - 22 = -87. What is the units digit of m?
3
Let s(b) = -b**3 - 8*b**2 - 8*b + 1. Suppose 3*f = 2*u - 15, -4*f + 5*u = -0*u + 13. What is the units digit of s(f)?
8
Suppose -10 = 12*d - 7*d. What is the tens digit of 336/12*d/(-4)?
1
Suppose -2*v - 3 = -5*v. Suppose 0 = -0*d - 4*d. Suppose v = -d*l + l. What is the units digit of l?
1
Suppose 4*z = -3*x + 691, x + 2*x - 166 = -z. What is the units digit of z?
5
Suppose -3*a - 8 = a, 5*h - 58 = 4*a. What is the tens digit of h?
1
Let d(i) = 2*i**3 - 4*i**2 + 5*i - 7. What is the tens digit of d(4)?
7
Suppose u + 4*u = 65. Suppose f = 2*f - u. Let j = f + -5. What is the units digit of j?
8
Let j(c) be the third derivative of 0 - 7/6*c**3 + 0*c + c**2 + 1/12*c**4. What is the units digit of j(8)?
9
Let k(p) be the second derivative of p**5/20 + 3*p**2/2 + 2*p. Let j be k(0). Let t = -2 + j. What is the units digit of t?
1
Suppose 3*f = 4*y - 46 - 18, -3*y = 3*f - 48. Let d = y + -34. What is the units digit of (d/10)/((-9)/30)?
6
Suppose 0 = -7*d - d + 296. What is the units digit of d?
7
Let w(q) = -q**2 + 10*q + 1. Let g be w(10). What is the units digit of ((-12)/20)/(g/(-10))?
6
Suppose 5*d = 0, 2*d = -5*u + 258 + 202. What is the tens digit of u?
9
Let p be 4/(-14) - 46/(-14). What is the tens digit of ((-2)/p)/((-12)/630)?
3
Suppose -7*a + 2*a = 4*c - 58, -2 = -c + 5*a. What is the units digit of c?
2
Let l(i) = -i**3 + 4*i**2 - 2*i + 3. Let k be l(3). What is the tens digit of -2*((-69)/k)/1?
2
Let w(f) = f**2 - 7*f - 7. Let p be -2 - -1 - 1 - -10. Let b be w(p). Suppose -m + b = -7. What is the units digit of m?
8
Suppose -o + 7 - 3 = 0. Suppose 0 = 4*f + p - 15, -4*p - 27 = -o*f - 9*p. What is the units digit of f?
3
Suppose -5*t + 284 + 721 = 0. Suppose 258 = 5*i - 3*l, 6*l - t = -4*i + 3*l. Suppose -4*c + i = -0*c - 3*m, -3*m - 63 = -5*c. What is the units digit of c?
2
Let z = 0 + -4. Let m be 1/(8/6 + -1). Let t = m - z. What is the units digit of t?
7
Let g = 44 - -31. Suppose f + g = 3*f + a, f - a - 36 = 0. Let s = -26 + f. What is the tens digit of s?
1
Let a = 68 - 45. What is the units digit of a?
3
Let q(h) be the third derivative of h**5/60 + h**4/12 + h**2. Let a be q(-3). Suppose -4*o = -y - 9, 4*o - 2*o = y + a. What is the units digit of o?
3
Let f = 74 - 70. What is the units digit of f?
4
Suppose 3*o - 2*v = 110, -5*o = -2*v - 2*v - 180. What is the tens digit of o?
4
Let c = 2 + -2. Suppose c = -3*a + k + 8, -2*a + 5 = -3*k - 5. Suppose w = t + 3*w - 19, 7 = -a*t + 5*w. What is the units digit of t?
9
Let t be (2 + -1)/((-1)/(-17)). Let i = t - 10. What is the units digit of i?
7
What is the tens digit of (8/20)/(-2) + 1042/10?
0
Let m = 922 + -490. What is the tens digit of m?
3
Let u = 56 + -30. What is the tens digit of u?
2
Let r = 110 - 198. Let a be 4/(-10) - r/20. What is the units digit of a/14 + 80/14?
6
Suppose -22 - 83 = -3*a. What is the units digit of a?
5
Suppose -24 = -3*l + 2*l. What is the units digit of l?
4
Let p be (-1)/5 - 22/(-10). Let k be 6/(-8)*48/(-36). Let i = p + k. What is the units digit of i?
3
Suppose 2*r = -2*p + 6, 2*p + 2*p - 3 = 5*r. Let j = 4 - r. Suppose 4*n - 4 - 8 = -3*l, -j*n + 23 = 4*l. What is the units digit of l?
8
Suppose -4*r = a - 27, 5*r + 2*a - 23 = 10. Suppose -r*n + 48 = -n. What is the units digit of n?
8
What is the tens digit of 8/(((-10)/(-13))/5)?
5
Let w be (5 - 12/(-4)) + 2. Let v = w + 6. What is the units digit of v?
6
Suppose 6*s - 25 = 209. What is the tens digit of s?
3
Let o(i) = -29*i - 1. Let r be o(-2). Suppose 2*x = -x + r. Suppose 24 + 2 = 4*a - 2*l, 3*a - x = l. What is the units digit of a?
6
Suppose -4*p = 7 - 19. What is the units digit of p?
3
Let w(o) = o**2 + 2*o - 16. What is the tens digit of w(9)?
8
Let a(n) be the third derivative of n**4/24 + 5*n**3/2 + 3*n**2. What is the units digit of a(-13)?
2
Let b(c) = -c**2 - 15*c - 8. Let m be b(-6). What is the units digit of 5/(-15) - m/(-3)?
5
Let o be (0 + 1)*1*2. Let y(j) = -j**2 + 2*j. Let r be y(o). What is the units digit of r/(-1) + 1 + 2?
3
Let j(g) be the first derivative of 7*g**5/60 + g**3/6 - g**2 + 2. Let u(o) be the second derivative of j(o). What is the units digit of u(1)?
8
Let x be -1*3*(-7)/3. Suppose -a = -x + 3. What is the units digit of a?
4
Suppose w = 3*w. Suppose w = v + 2 - 1. What is the units digit of 8/1 - (-1 